 what is 10000111011 - 1?
10000111010
In base 9, what is 7431 - -2?
7433
In base 9, what is 4 + -238?
-234
In base 3, what is 1 + -1001221?
-1001220
In base 11, what is 1575 + 1?
1576
In base 9, what is 11514 + 3?
11517
In base 10, what is -115 + -7?
-122
In base 4, what is 102 - -103221?
103323
In base 2, what is 11011 - 1101?
1110
In base 16, what is -242 + -f?
-251
In base 14, what is -6 - -44?
3c
In base 13, what is -3c - -a?
-32
In base 13, what is -2 - -2416?
2414
In base 7, what is 5 - -40?
45
In base 4, what is 10 - 1202?
-1132
In base 6, what is 42201 - 2?
42155
In base 4, what is 2 + 1233?
1301
In base 16, what is 410 + 3?
413
In base 7, what is 450 - -25?
505
In base 9, what is -8 - 2?
-11
In base 11, what is 5 + 50?
55
In base 15, what is 474 + 0?
474
In base 5, what is 22 + -1022?
-1000
In base 6, what is -40 + 104?
24
In base 13, what is -5 + -288?
-290
In base 7, what is -1 + -3531?
-3532
In base 7, what is 515 - 5?
510
In base 12, what is 1 + 19?
1a
In base 15, what is 21a - -12?
22c
In base 10, what is -1 + 450?
449
In base 5, what is 4011 + 21?
4032
In base 5, what is -200 - -32?
-113
In base 9, what is 1 - -1101?
1102
In base 12, what is 3 - 450?
-449
In base 8, what is 512 - -5?
517
In base 3, what is -221 - -210111?
202120
In base 16, what is -7 + 8cd?
8c6
In base 8, what is -35 - 73?
-130
In base 10, what is -183 + 2?
-181
In base 4, what is 131 - 203?
-12
In base 11, what is 162 + 0?
162
In base 14, what is a6d + -4?
a69
In base 15, what is 15 - c?
8
In base 16, what is -49 + -b?
-54
In base 16, what is 35d - -2?
35f
In base 3, what is 1 - 2110002?
-2110001
In base 6, what is 1 + 4?
5
In base 5, what is 4 - -222204?
222213
In base 11, what is 4 + -13a4?
-13a0
In base 9, what is 363 + -3?
360
In base 4, what is 3 + 21?
30
In base 11, what is 2 + 7?
9
In base 11, what is -2 - -6?
4
In base 10, what is -15 + -15?
-30
In base 13, what is -16c1 - 0?
-16c1
In base 5, what is -12 + -12?
-24
In base 3, what is 22001 - -1022?
100100
In base 8, what is -10 + -225?
-235
In base 7, what is 1 - -334?
335
In base 11, what is -54a9 + -5?
-5503
In base 16, what is 1e - 78?
-5a
In base 16, what is 3647 - -4?
364b
In base 11, what is -7854 + 5?
-784a
In base 8, what is -10 + -645?
-655
In base 13, what is 104 - 18?
b9
In base 13, what is 4 + 1a?
21
In base 4, what is 10 + -332?
-322
In base 3, what is 10 - 200021?
-200011
In base 10, what is -8 + 0?
-8
In base 5, what is -20 + -2303?
-2323
In base 7, what is 3 - 102?
-66
In base 11, what is -89 - 203?
-291
In base 13, what is b - 5c?
-51
In base 5, what is 4 + 3?
12
In base 6, what is -120304 - -2?
-120302
In base 11, what is -135a - -1?
-1359
In base 7, what is 100 - 5?
62
In base 15, what is 3 + 6?
9
In base 2, what is -100 + -10001001?
-10001101
In base 4, what is -2 + 1003103?
1003101
In base 9, what is -14 - 602?
-616
In base 3, what is 0 + -1101?
-1101
In base 15, what is 4 + 342?
346
In base 16, what is 51 + b?
5c
In base 2, what is -101000010111 - 101?
-101000011100
In base 14, what is -8 - -85b?
853
In base 6, what is 1503 + 1?
1504
In base 14, what is -20c + -7?
-215
In base 15, what is -b + -1?
-c
In base 3, what is -21201010 + -12?
-21201022
In base 15, what is -28d - 0?
-28d
In base 9, what is 1 - -27?
28
In base 13, what is 10 + 43?
53
In base 6, what is -50 + 303?
213
In base 16, what is 3 - 41?
-3e
In base 12, what is 256 + 4?
25a
In base 9, what is 15 + 16?
32
In base 7, what is -11 - -33?
22
In base 13, what is 0 - -314?
314
In base 15, what is -6 + -281?
-287
In base 13, what is -c26 - 4?
-c2a
In base 2, what is -10110 + 1?
-10101
In base 5, what is -101 + -34?
-140
In base 15, what is 2 - 689?
-687
In base 7, what is 50 + -2?
45
In base 3, what is 211 + 1021?
2002
In base 16, what is -4 + -10d?
-111
In base 8, what is -1 + -117?
-120
In base 7, what is 4 - 162?
-155
In base 15, what is -452 - 4?
-456
In base 11, what is 2 + 1504?
1506
In base 16, what is -a11 + -6?
-a17
In base 16, what is 41 - 11?
30
In base 2, what is 100 - -1101111111?
1110000011
In base 6, what is -3 - -13032?
13025
In base 8, what is -5 + 326?
321
In base 4, what is 20033 + -11?
20022
In base 5, what is 334 + 20?
404
In base 10, what is -23 - 28?
-51
In base 13, what is a60 - 9?
a54
In base 10, what is -944 - -7?
-937
In base 6, what is -2543 + 3?
-2540
In base 16, what is -19fc + -3?
-19ff
In base 10, what is 20 - 14?
6
In base 9, what is 105 + 227?
333
In base 11, what is -6 + -8?
-13
In base 9, what is 3 + -47?
-44
In base 5, what is 211 - -31?
242
In base 8, what is 1 - 1143?
-1142
In base 2, what is 10 + -11000110100?
-11000110010
In base 11, what is 0 + 526?
526
In base 13, what is -1b6c - -4?
-1b68
In base 4, what is 11 - 112330?
-112313
In base 8, what is 355 - -5?
362
In base 2, what is 1010110001 + 101?
1010110110
In base 13, what is 2bc7 - 6?
2bc1
In base 12, what is 50 + 2?
52
In base 16, what is -1a - 4?
-1e
In base 7, what is -5 + 462?
454
In base 12, what is -5 - 15?
-1a
In base 15, what is 258 + -5?
253
In base 10, what is -2846 - 3?
-2849
In base 16, what is -394 + 1?
-393
In base 6, what is 2 + 122?
124
In base 11, what is -7 + 74?
68
In base 3, what is -222212 + -2?
-222221
In base 16, what is -3f - 1a?
-59
In base 6, what is -4121 + 2?
-4115
In base 3, what is 20 + 1100?
1120
In base 6, what is -3 + 100?
53
In base 11, what is -4 - 3a79?
-3a82
In base 8, what is -1 + 74?
73
In base 7, what is 3 - -314?
320
In base 16, what is 10 - -1a?
2a
In base 2, what is 101011 + 11101001?
100010100
In base 9, what is -4 + -3385?
-3400
In base 10, what is 2 - -8745?
8747
In base 4, what is -12 + 1020?
1002
In base 10, what is 0 - -68?
68
In base 16, what is 1 + -1062?
-1061
In base 8, what is 251 + 1?
252
In base 12, what is -37 - 94?
-10b
In base 15, what is 9 - -b7?
c1
In base 9, what is -30 + -25?
-55
In base 9, what is 67 - 78?
-11
In base 3, what is -1021 - 11?
-1102
In base 5, what is 1034 - 11?
1023
In base 15, what is -557b - -2?
-5579
In base 11, what is 1 - -61?
62
In base 4, what is 2 - -23120?
23122
In base 15, what is -203 + -1?
-204
In base 9, what is -4 - 62?
-66
In base 14, what is -398 - 1?
-399
In base 10, what is 1 + 330?
331
In base 2, what is 10101110110 - 101?
10101110001
In base 10, what is -7 + 1407?
1400
In base 11, what is -5 - -243?
239
In base 10, what is 152 - -4?
156
In base 16, what is 1d + -1e?
-1
In base 12, what is -2 + 411?
40b
In base 7, what is 10 - -115?
125
In base 4, what is -12 - 23?
-101
In base 2, what is 111000101 - 0?
111000101
In base 15, what is 0 + -6e9?
-6e9
In base 14, what is 500 - a?
4d4
In base 16, what is -115 + -4?
-119
In base 11, what is -41 + -16?
-57
In base 7, what is -1652 + -2?
-1654
In base 2, what is 11010111 - -11?
11011010
In base 7, what is 5 + 64?
102
In base 11, what is 13 - 31?
-19
In base 3, what is -10211122 + -1?
-10211200
In base 15, what is -6 - -8?
2
In base 9, what is -1721 - 3?
-1724
In base 6, what is 5 + 10023?
10032
In base 9, what is 1 - -164?
165
In base 5, what is 10 + 3213?
3223
In base 3, what is 10220112 + -11?
10220101
In base 7, what is -33 + 305?
242
In base 14, what is c + -1c?
-10
In base 5, what is 11 + -1001?
-440
In base 14, what is -3 - 45?
-48
In base 11, what is 5 - -a?
14
In base 4, what is 3330 + -122?
3202
In base 13, what is 4 + ca?
101
In base 2, what is 101111111 + 0?
101111111
In base 2, what is 110010100011011 - 101?
110010100010110
In base 11, what is 2 - -12a?
131
In base 16, what is 4 + 352?
356
In base 3, what is 11 - -111121?
111202
In base 4, what is 12 - 30?
-12
In base 13, what is 5 - -31b?
323
In base 6, what is 3 + -153?
-150
In base 6, what is -3502 - -24?
-3434
In base 7, what is -6 + -43?
-52
In base 15, what is bbb - -2?
bbd
In base 16, what is 2 - -a3?
a5
In base 10, what is -1252 - 3?
-1255
In base 4, what is 1 + -323101?
-323100
In base 3, what is 111 + 10?
121
In base 12, what is -1 + -a?
-b
In base 12, what is -1 + 202?
201
In base 5, what is 14304 + 3?
14312
In base 10, what is 3 + 5772?
5775
In base 9, what is 2 - -366?
368
In base 6, what is -2433 - -5?
-2424
In base 5, what is -1022 + -43?
-1120
In base 6, what is 31 + 4?
35
In base 13, what is -2 - -5c9?
5c7
In base 14, what is 14 + -b?
7
In base 4, what is 11 + 3231?
3302
In base 6, what is -351 - -1?
-350
I